e 10) in base 16?
-35c93
12200201201 (base 4) to base 9
3180265
What is 313273a (base 11) in base 14?
a3ab8d
What is 552342240 (base 6) in base 2?
100101110101111001110000
Convert 453724 (base 8) to base 11.
a5407
-172b07 (base 15) to base 9
-2101387
Convert -15bb82 (base 13) to base 8.
-2037106
-59a5b2 (base 16) to base 5
-3001000442
Convert 395b8a9 (base 12) to base 4.
223030001001
Convert 3244654 (base 8) to base 5.
210331303
Convert 14574 (base 9) to base 16.
26dd
Convert -11041223240 (base 5) to base 9.
-24613084
3a0b8a (base 13) to base 7
14624616
What is 57784 (base 13) in base 10?
159475
What is -7db630 (base 16) in base 9?
-16446254
-b84e4 (base 15) to base 9
-1081407
Convert -13140040 (base 6) to base 8.
-1515370
What is -1022002120122 (base 3) in base 6?
-22450025
1203512 (base 6) to base 14
18d92
-82c2a (base 14) to base 11
-1a5901
Convert 279679 (base 15) to base 14.
37832c
Convert 337300 (base 8) to base 3.
12210212212
-200330343 (base 5) to base 2
-11000001100000010110
Convert -14360655 (base 7) to base 11.
-849298
-1325a (base 14) to base 10
-47120
Convert c7751 (base 14) to base 13.
13b2c6
-45342 (base 13) to base 2
-11110101101011110
-1071711 (base 11) to base 4
-13022010032
Convert 1a4946 (base 12) to base 14.
c1394
What is 13300223 (base 4) in base 12?
1648b
1424230 (base 6) to base 15
19156
Convert -1111000000100010100000 (base 2) to base 4.
-33000202200
Convert -2b1952 (base 13) to base 11.
-66488a
5232632 (base 7) to base 6
21300545
What is 2567250 (base 10) in base 7?
30551460
Convert -175571 (base 9) to base 3.
-12112122101
Convert -102042404 (base 5) to base 13.
-11b426
What is 136d (base 15) in base 12?
24a1
-e35e7 (base 15) to base 16
-afd59
What is 701896 (base 10) in base 16?
ab5c8
What is -aa409 (base 11) in base 13?
-57c01
-9039a2 (base 11) to base 2
-101100011001000111101
What is 20111121101121 (base 3) in base 5?
1341101400
Convert -242422425 (base 6) to base 9.
-8601028
Convert -23404403 (base 6) to base 14.
-150a67
-15102 (base 16) to base 6
-1503230
Convert -6a2559 (base 13) to base 7.
-30260044
Convert 1401024 (base 6) to base 14.
205cc
What is 150b6b (base 13) in base 9?
865784
Convert 13f483 (base 16) to base 13.
36a345
-16456 (base 14) to base 10
-55740
What is -51b9b (base 15) in base 4?
-333100301
Convert 1072b78 (base 12) to base 3.
12220100011002
-343a2 (base 14) to base 7
-1036062
What is 1231320431 (base 5) in base 6?
144110140
Convert 291141 (base 13) to base 12.
403a86
Convert 2b171 (base 15) to base 9.
231237
What is -132051131 (base 6) in base 9?
-4832231
What is -1b1c4c (base 15) in base 5?
-314304042
-1e99ee (base 16) to base 5
-1003133421
189cae (base 16) to base 3
10000221120210
Convert -25942c4 (base 13) to base 11.
-6713885
Convert 4c434 (base 16) to base 7.
2440464
-7279e1 (base 15) to base 7
-64156015
Convert -11101100110111111001 (base 2) to base 15.
-142723
-574646 (base 9) to base 12
-147520
-6353322 (base 9) to base 4
-30332111120
202034121 (base 5) to base 3
1112101211220
-220001130 (base 4) to base 5
-20221212
Convert -14 (base 7) to base 2.
-1011
Convert -5254273 (base 8) to base 5.
-324231341
-323234 (base 6) to base 15
-7d77
What is b6bba (base 14) in base 2?
1101011110000010000
Convert 1045015 (base 6) to base 5.
3143211
Convert 101001110111100001110 (base 2) to base 15.
1c1763
-2560012 (base 8) to base 2
-10101110000000001010
What is -1f732 (base 16) in base 2?
-11111011100110010
Convert -100011000100100111 (base 2) to base 7.
-1135551
Convert 10c4384 (base 14) to base 9.
16045862
What is 289c1b (base 13) in base 12?
3ba717
Convert -967a8 (base 11) to base 5.
-14000340
Convert -17620 (base 12) to base 3.
-1201020220
Convert 3302a9 (base 11) to base 9.
883451
Convert -b362 (base 12) to base 16.
-4c3a
What is 200020313130 (base 4) in base 6?
500324140
-1200123114 (base 5) to base 16
-29cbd7
What is 239cc (base 13) in base 12?
31a22
-244542533 (base 6) to base 14
-8a881b
Convert 713346 (base 8) to base 11.
150813
Convert -25355221 (base 6) to base 16.
-c933d
Convert a7856 (base 12) to base 16.
35e02
111312210 (base 4) to base 12
43970
-3051101 (base 6) to base 7
-1150462
Convert 4610121 (base 7) to base 9.
1064220
-2205342 (base 6) to base 13
-3b147
Convert 44a0d (base 16) to base 4.
1010220031
Convert 1222020212112 (base 3) to base 11.
656597
What is 51020060 (base 7) in base 12?
15059a8
Convert 10100000000001011111110 (base 2) to base 9.
10771833
2032310 (base 7) to base 15
4c17b
What is -211122012121202 (base 3) in base 13?
-2652ab2
10b1235 (base 12) to base 3
20001101201012
What is 190ec (base 16) in base 13?
37941
What is -1136294 (base 10) in base 12?
-4696b2
What is 7683133 (base 9) in base 11?
2370339
What is 29440b (base 12) in base 8?
2507113
What is 37c109 (base 15) in base 7?
31502454
What is -be376 (base 15) in base 4?
-2103223233
What is -272a63 (base 12) in base 6?
-21515003
Convert -28182513 (base 9) to base 5.
-12031242003
Convert -142363 (base 12) to base 2.
-1010001111101111011
13301002131 (base 4) to base 14
3add13
Convert -23203213 (base 4) to base 15.
-e05a
5040270 (base 9) to base 8
12171432
What is -575164 (base 11) in base 2?
-11011111010010011100
What is -11010000010010101 (base 2) in base 12?
-51871
150252 (base 10) to base 9
248086
Convert -131113133 (base 4) to base 15.
-25992
10100100010011001 (base 2) to base 12
40821
What is 62536 (base 12) in base 11?
88710
What is 1e86a (base 15) in base 5?
11143100
Convert -56004131 (base 7) to base 2.
-10010011001111111011100
Convert -10101012102000 (base 3) to base 7.
-21154341
10221121202021 (base 3) to base 6
112551441
Convert ac9545 (base 13) to base 9.
7602613
What is -10010103 (base 6) in base 7?
-2251014
301054104 (base 6) to base 5
2300433023
What is -1ab3001 (base 12) in base 4?
-111301131001
Convert 197450 (base 10) to base 9.
330758
-231134434 (base 5) to base 8
-3751105
Convert -143134505 (base 6) to base 8.
-13205551
-110100010011110 (base 2) to base 15
-7e07
What is -4442004223 (base 5) in base 14?
-1410049
20102123113 (base 4) to base 13
5b0ba6
Convert -1533302 (base 11) to base 2.
-1010000000111001001001
10011001111010 (base 2) to base 10
9850
What is -7467 (base 10) in base 6?
-54323
Convert -1202110010110 (base 3) to base 2.
-11100100000000110110
12011120011 (base 3) to base 2
11000110101101100
12622547 (base 8) to base 9
5278683
Convert 1273639 (base 10) to base 4.
10312330213
-153345 (base 9) to base 2
-10111000001110101
11101101111111111000 (base 2) to base 13
281939
What is 34291 (base 11) in base 7?
264401
What is -ac051 (base 13) in base 12?
-1306b4
321022331120 (base 4) to base 10
14987096
1023245 (base 10) to base 2
11111001110100001101
130056 (base 10) to base 9
217356
12314655 (base 8) to base 4
22121212231
Convert -2640024 (base 10) to base 11.
-1543542
Convert -211122110012 (base 3) to base 9.
-748405
What is 140064b (base 12) in base 10?
3982235
What is -33576b (base 14) in base 15?
-246aa7
What is -1100012221 (base 3) in base 5?
-1321104
What is 20602032 (base 7) in base 16?
1aae9d
Convert -14113012 (base 5) to base 8.
-432565
Convert -1056725 (base 8) to base 10.
-286165
What is 13a756 (base 11) in base 8?
654070
Convert 8cf64 (base 16) to base 3.
1002100000110
What is -10b00a3 (base 12) in base 9?
-6038046
Convert -27137 (base 14) to base 16.
-1781d
Convert 110001100010111000011 (base 2) to base 13.
44ac5c
Convert -21142244 (base 8) to base 14.
-8545b6
-1100101000010001100101 (base 2) to base 3
-20020012102021
Convert 24204140 (base 5) to base 16.
37109
Convert 4110305 (base 6) to base 9.
327535
Convert 2a66836 (base 13) to base 3.
221111112112012
-1394a46 (base 13) to base 11
-3560405
110373 (base 13) to base 7
3255336
What is 34335 (base 9) in base 6?
253522
What is 244124243 (base 5) in base 16?
11b7ee
What is -28e05 (base 16) in base 15?
-3491e
Convert 11110111110011101010101 (base 2) to base 15.
aa5e84
What is 1001302033 (base 5) in base 7?
22546624
What is -a10387 (base 13) in base 11?
-2126558
Convert 156159 (base 13) to base 9.
883556
Convert -3355100 (base 8) to base 15.
-12deca
-403c47 (base 14) to base 12
-88315b
-c4d744 (base 14) to base 5
-3200112111
Convert 320600 (base 9) to base 13.
68a96
Convert 402951 (base 11) to base 10.
648011
Convert -22221200222 (b